
23
-22 - (2 - 18 - (-100 + 96))
-10
Calculate ((63 - 44) + 27 - -13) + (-2 - 19).
38
49 + 0 + -5 - (44 - 29 - 4)
33
Evaluate -1 - -44 - (26 - 21 - -3).
35
Evaluate -1 + (-7 - (37 + -39 + 0 + -4)).
-2
What is (26468 - 26483) + 1 + -1 + 36?
21
What is the value of (-2 - (-8 - 0) - (-1549 - -1554)) + -12 + -83?
-94
Evaluate -36 + (10 - 137) + 61.
-102
What is -4 + 116 - (-3 - (-5 - 0)) - (-10 - 1)?
121
What is 12447 + -12423 + 1 + 100 + -3?
122
138 + -153 + (-14 - -19 - 19)
-29
Evaluate (-14 - -6) + 9 + -9 + 12 + 51.
55
What is 5 - (-2 + 6 + -44 + 8 + 38)?
-1
Evaluate -41 + -1 + (11 + (-21 - -2) - -4) + 6.
-40
What is the value of -368 + 419 + (0 - 62) - (-1 + 1 + -3)?
-8
85 + (16 - -1) + (123 - 127) + -27
71
What is the value of 61 - 0 - ((38 - 27) + -1 + -9)?
60
21 - (2 + 47 + -46 + 12 + 50)
-44
(-34 - (-3 + 17)) + 20 + -11 - 9
-48
Evaluate -2 - (-2 + (0 - (-21 + 42))).
21
Evaluate -19 - (10 - (13 - (-56 + 34))).
6
What is ((3 - -42) + -55 - 13) + 3 + 2?
-18
What is 23 - -22 - (5 + -5 - 5) - (8 - 15)?
57
What is -2602 - -2695 - (61 + 6)?
26
Evaluate 41 + (-8 + (-3 - -10) + 8 - (-3 + 0)).
51
Calculate -3 + ((8 - 9) + -13 - -19) - 28.
-26
Evaluate (0 - 2) + 3 - (8 + -5 + -1 + 6).
-7
What is the value of 364 + -375 + 2 + (-2 - -1)?
-10
Calculate -124 + 2 + -4 - (39 - 0 - (389 - 366)).
-142
What is the value of 8 + -9 + 7 + -3 + -49 + 46 - 38?
-38
What is 120 - (-79 + 29 - -66)?
104
Calculate (10 - 4) + 3 - (-54 + 0 + -50).
113
Evaluate 2 + -102 + -189 + (48 - -165).
-76
Calculate 14 + -52 + 101 + (3 - 190).
-124
What is (-2539 - -2556) + (-10 - -2)?
9
What is -2 + 5 + -17 - (469 - 468)?
-15
(32 - 30 - 6) + -120 + 1 - (-12 + 7)
-118
102 - (-116 + 97) - 25
96
What is the value of 6 + (-59 + 62 - ((48 - -3) + -1))?
-41
51 - 47 - (1 - -39 - (65 + -70))
-41
Evaluate (62 + -92 - 16) + (2 - 55).
-99
Calculate -1160 + 1129 - (-16 - (-1 - 0)) - 20.
-36
Calculate 0 - 9 - (-236 - -239) - -22 - -41.
51
Calculate 55 + -12 + 7 + -4 + (-10 - -9).
45
Evaluate (-5 - (3 - (10 + -15) - 15)) + -1.
1
Evaluate -1 + 0 + -6 + (58 - -2) + 68 + -129.
-8
Calculate 93 + -28 + -33 + 10.
42
What is the value of (-6 - (5 + -5 + 14 - 30)) + -1 + 26?
35
-53 + 0 + (10 + 8 - (21 - 0))
-56
Calculate -20 + -19 + -7 + 13 - 17.
-50
What is -25 - (-3 - 25) - (14 - (3 + 1) - 4)?
-3
12 + 4 + -6 + 4 + -79 + (-15 - -60)
-20
(9 - ((-11 - 12) + 32)) + (23 - 0)
23
Calculate -47 + (50 - -12) + -30 - (0 + (2 - 3)).
-14
What is the value of (3 - (31 - 12)) + 34 + (-1 - 86)?
-69
-13 + 25 + -6 + 24 + -46
-16
What is the value of 2 + -11 + (1087 - 1125) - (1 + -4)?
-44
(0 + -6 - 7) + -17 - -60
30
20 + (-40 - (22 + -45 + 1))
2
Evaluate 3033 - 2990 - (-2 + 0 - (-1 - 2)).
42
What is the value of (53 + 11 - 75) + -17?
-28
Calculate 0 + 1 + -5 + (-215 - -219) + (-54 - -4).
-50
What is 12 + 12 + (3 - (-17 + 22 + 17))?
5
Evaluate -8 + (-2 + 2 - (4 + 7 + (-25 - -8))).
-2
23 - (-10 + 1 + 10 - (1 + 8 + -20))
11
What is (72 - 41) + -10 - -48?
69
Evaluate -67 - -53 - 13 - 25.
-52
What is -10 + (-3 - (6 + -27) - ((-6 - -5) + -7))?
16
What is -37 - (-63 - 21) - (-2 + 1)?
48
What is the value of -1 - -67 - (-1 - (-48 + 10 - (-24 + -3)))?
56
What is the value of -7 + 2 + 11 + -6 - (11 - (-14 + 0))?
-25
What is (-36 - 17) + (86 - 60) - (2 + -1 + 2)?
-30
Calculate -68 - (-3 + -20 + (-71 - -82)).
-56
What is 11 + 27 - (10 - 1 - (-47 + 48))?
30
Evaluate 0 + 57 + (-15 + -3 + 1 - -12) + -1.
51
(-1 - 6) + -4402 + 4518
109
(11 - 5 - -14) + (92 - (-47 - -108))
51
What is the value of (-9 - (17 - 31)) + 11 - (1 - 3) - 9?
9
What is (56 - 1) + (-5 + 3 + -10 + -3 - -6)?
46
(-19 - -32 - 21) + -6 - 28
-42
What is the value of (5 + -9 - -2) + (280 - 235)?
43
6 - ((-239 - -220) + 26 + -1)
0
Evaluate (-11 - (-51 - -50)) + (1 + 1 - -8).
0
What is (2 + 6 - (25 - 10)) + (25 - 18) + -8?
-8
What is (0 - 1) + (30 + 36 - 69)?
-4
Calculate 10 + -104 + 128 - 89.
-55
(-30 - (-32 + 10)) + -1 - 8
-17
What is 29 + 5 - (44 - -25)?
-35
What is the value of -8 + -33 + 30 - (44 + 5)?
-60
Evaluate (19 - -11) + (35 - 102).
-37
Calculate -23 + (-14 - (14 - (35 - 15)) - -11).
-20
What is the value of 102 + (13 + -39 - -32 - (6 + 1) - -2)?
103
Evaluate 64 + -52 - (12 - -7).
-7
What is the value of (73 - 0 - (55 + -67)) + -8 + (10 - 5)?
82
Calculate (-30 - (2 - 39)) + (-14 - -1) - (-146 + 4).
136
What is the value of 77 + (2 - 48) - 46?
-15
53 - (20 - -30 - -53)
-50
Evaluate -67 - -41 - (-18 - (-25 + 34)).
1
What is the value of -7 + -1 + (103 - (91 - 44)) + (-5 - 1)?
42
(0 - 14) + (7 - 3) - (5 - -80 - -6)
-101
(-28 - (-16 + -1)) + 2 + 0 + 47
38
-13 - ((13 + 10 - 13) + -6 - -7 - -62)
-86
What is the value of 14 + (-10 - -45) + -49?
0
What is the value of (10 - 1) + (7 + 23 - (-35 - (-42 + 35)))?
67
Evaluate 1125 + -1141 - (-4 + -44).
32
Evaluate (-1 - -9) + (-38 - -1 - (138 - 126)) - 5.
-46
(-1 - 6) + (109 - (43 - (44 + -15)) - -6)
94
What is the value of -27 - ((6 - 1) + 14)?
-46
Evaluate (-7 + 41 + 0 - 4) + 211 + -193.
48
What is -957 + 904 - (-28 + -8)?
-17
-3 + -11 + -1 + -4 + 1627 + -1575
33
What is the value of 6 + 86 + -40 + -116?
-64
(366 - 448) + (6 - -57)
-19
-32 + -11 + -19 + 19 + -10
-53
Calculate (9 + (-30 - -58 - 35) - (-1 + -3)) + 10.
16
Evaluate -7 + (-11 + (-1 + 1 - -59) - (-12 + 5)).
48
Calculate 11 + 1 + (-2 - 46) + -50 + 69 + -10.
-27
2 - -8 - (-9 - (2 - 20 - (43 + -30)))
-12
(3 - 8) + -7 - (-13 + -1 + 4 - -1)
-3
What is the value of (0 - (29 + 1)) + (-14201 - -14195)?
-36
-4 - (-33 - 3 - -13)
19
-8 - -24 - (4 - 0 - -24)
-12
-61 + 29 + (61 - 35)
-6
What is the value of 18 + (-48 - -3) + (42 - 0)?
15
What is the value of (-1 - -12 - (141 + -128)) + 65 + -1?
62
Calculate -58 + -44 - (-291 + 81).
108
-2 - (54 - 8) - (0 - -4)
-52
What is 233 + -294 + 15 + 1?
-45
What is the value of -124 + -1 + (17 - (-14 + 33) - 22 - -29)?
-120
What is the value of -36 - 4 - -70 - 33 - -138?
135
Calculate -8 + 8 + (1 - -2 - 0) + (-53 - -116).
66
What is 3 + (27 - 5) + -12 + 34?
47
Calculate 11 - (-3 - (-15 + -31)).
-32
What is the value of (-3 - 66) + -1 - (-63 + 53)?
-60
-21 + 51 + (24 - (-9 + 18))
45
What is 0 - -18 - (-56 + 69 + 43)?
-38
What is 5 + (9 - 70) + (-6 - -1) - 2 - 7?
-70
Calculate -105 - -1 - (228 - (438 + -179)).
-73
What is the value of -6 - -12 - (68 - (-16 - -58))?
-20
Calculate 1259 - 1188 - (26 + -6 + -8).
59
What is the value of -37 + 18 + (20 + -41 - -12)?
-28
Calculate (-1 + (-10 - 0) - 12 - 11) + -4.
-38
What is (10 - -11) + -13 + -62?
-54
Calculate -19 - (-16 + 9 - (8 - (0 + -2))).
-2
What is (-173 - (-88 - 41)) + 17 + 1?
-26
What is -4 + 12 + 30 + -68?
-30
Calculate 12 + (-17 - (-35 - -33)) + 40.
37
What is the value of 54 + (-27 - -12) - 13?
26
Evaluate -6 - (-26 + (6 - 6)) - 4.
16
What is the value of 1 - -17 - (143 + (-159 - -84))?
-50
Calculate 33 + -3 - (-31 + -2 + 33).
30
Evaluate 7 + -48 + -3 + (0 - -1) + (-23 - -16).
-50
What is the value of -44 - -21 - -33 - (-54 - -8)?
56
(27 - 31) + 92 + -149
-61
What is 279 + -437 + -34 + 77?
-115
Evaluate (-6807 - -6778) + (-2 - (-36 + 2)).
3
Evaluate -74 + 35 - (0 - ((3 - -6) + 1)).
-29
-2246 - -2268 - (-4 - (2 + 68))
96
What is the value of 192 + -63 + -156 + 76?
49
-22 - (43 - (-25 + 40 - -13))
-37
11 + (-1 - -1) + 5 + (3 - -2)
21
Evaluate 83 + 68 + -83 + -50.
18
What is -21 + -1 + -4 + (-1702 - -1673)?
-55
29 + -67 + (-17 - -44) - -61
50
What is 0 + -1 + -13 + 3162 + -3157 - -44?
35
-3 - -5 - 37 - (3 + -25 + 31)
-44
What is the value of -1 - ((26 - 9 - 26) + -27)?
35
What is the value of (-7 - 1 - (-2 - 3 - 7)) + -22?
-18
What is (14 - (28 + -24 + 16)) + (75 - (4 - 0))?
65
2368 + -2369 + (1 - 16)
-16
Calculate ((-2 - 12) + 5 - -61) + -3.
49
Calculate 3 + -5 + 4 + (35 + 0 - (-1987 + 1952)).
72
Evaluate (2 - 2 - 5) + (171 - (573 + -329)).
-78
What is the value of -5 - (9 - (-7 - (-29 - -16))) - 56?
-64
Evaluate (27 - (-5 + 2) - (588 - 577)) + 32.
51
Calculate -3 + 2 + (-352 - -438) + -11.
74
17 - ((295 - 296) + 21 + 1)
-4
(4 - (3 + -4)) + (-7 - -3 - (78 + -19))
-58
What is the value of -18 - 100 - (23 + -42 + -13)?
-86
-162 + (-32 - -4 - -77 - 28)
-141
Calculate 206 + -93 + -127 - -86.
72
-92 + -11 + (-4 - 1) + -3 + 7 + -2
-106
What is the value of -11 + 1 + (-423 + 425 - (9 + -3 + -1))?
-13
48 + (3 - (41 + 50))
-40
What is (17 - (34 - 9)) + 29 + -39?
-18
Calculate -2 + 5 + 